29, 109
List the prime factors of 4592.
2, 7, 41
List the prime factors of 53903.
19, 2837
List the prime factors of 4826.
2, 19, 127
What are the prime factors of 1177?
11, 107
List the prime factors of 3982.
2, 11, 181
What are the prime factors of 5533?
11, 503
What are the prime factors of 9905?
5, 7, 283
What are the prime factors of 8656?
2, 541
List the prime factors of 35120.
2, 5, 439
What are the prime factors of 9821?
7, 23, 61
List the prime factors of 1440.
2, 3, 5
List the prime factors of 6682.
2, 13, 257
List the prime factors of 172251.
3, 19139
What are the prime factors of 67651?
67651
List the prime factors of 19652.
2, 17
What are the prime factors of 37027?
61, 607
List the prime factors of 36950.
2, 5, 739
What are the prime factors of 1785?
3, 5, 7, 17
What are the prime factors of 5604?
2, 3, 467
What are the prime factors of 621?
3, 23
What are the prime factors of 47076?
2, 3, 3923
List the prime factors of 615.
3, 5, 41
List the prime factors of 994.
2, 7, 71
List the prime factors of 12529.
11, 17, 67
List the prime factors of 98142.
2, 3, 11, 1487
List the prime factors of 14711.
47, 313
What are the prime factors of 7291?
23, 317
List the prime factors of 3499.
3499
List the prime factors of 71797.
11, 61, 107
What are the prime factors of 21020?
2, 5, 1051
List the prime factors of 3547.
3547
List the prime factors of 1089.
3, 11
List the prime factors of 5057.
13, 389
What are the prime factors of 8544?
2, 3, 89
List the prime factors of 17309.
19, 911
What are the prime factors of 629?
17, 37
List the prime factors of 36281.
7, 71, 73
List the prime factors of 25584.
2, 3, 13, 41
What are the prime factors of 24558?
2, 3, 4093
What are the prime factors of 5276?
2, 1319
What are the prime factors of 1295?
5, 7, 37
What are the prime factors of 158?
2, 79
List the prime factors of 2745.
3, 5, 61
What are the prime factors of 32289?
3, 47, 229
List the prime factors of 4572.
2, 3, 127
What are the prime factors of 2738?
2, 37
List the prime factors of 2225.
5, 89
What are the prime factors of 693?
3, 7, 11
What are the prime factors of 119062?
2, 59, 1009
List the prime factors of 19881.
3, 47
List the prime factors of 791.
7, 113
List the prime factors of 4903.
4903
What are the prime factors of 5416?
2, 677
What are the prime factors of 95655?
3, 5, 7, 911
List the prime factors of 1931.
1931
What are the prime factors of 472?
2, 59
What are the prime factors of 110148?
2, 3, 67, 137
What are the prime factors of 1371?
3, 457
List the prime factors of 8754.
2, 3, 1459
What are the prime factors of 35570?
2, 5, 3557
List the prime factors of 744.
2, 3, 31
List the prime factors of 1678.
2, 839
List the prime factors of 340.
2, 5, 17
What are the prime factors of 34375?
5, 11
List the prime factors of 16111.
16111
List the prime factors of 93021.
3, 101, 307
What are the prime factors of 41817?
3, 53, 263
List the prime factors of 71788.
2, 131, 137
What are the prime factors of 11969?
11969
What are the prime factors of 6097?
7, 13, 67
What are the prime factors of 97030?
2, 5, 31, 313
What are the prime factors of 26148?
2, 3, 2179
What are the prime factors of 24694?
2, 12347
List the prime factors of 1275.
3, 5, 17
List the prime factors of 4243.
4243
List the prime factors of 2639.
7, 13, 29
List the prime factors of 736.
2, 23
List the prime factors of 279.
3, 31
What are the prime factors of 3460?
2, 5, 173
List the prime factors of 3929.
3929
What are the prime factors of 833?
7, 17
List the prime factors of 1956.
2, 3, 163
List the prime factors of 138237.
3, 11, 59, 71
What are the prime factors of 517?
11, 47
What are the prime factors of 6?
2, 3
What are the prime factors of 3337?
47, 71
What are the prime factors of 12024?
2, 3, 167
What are the prime factors of 1216?
2, 19
List the prime factors of 1754.
2, 877
What are the prime factors of 1385?
5, 277
List the prime factors of 5699.
41, 139
List the prime factors of 1592.
2, 199
What are the prime factors of 261?
3, 29
List the prime factors of 14602.
2, 7, 149
What are the prime factors of 5716?
2, 1429
List the prime factors of 67945.
5, 107, 127
What are the prime factors of 1033?
1033
What are the prime factors of 40116?
2, 3, 3343
List the prime factors of 3585.
3, 5, 239
List the prime factors of 2891.
7, 59
List the prime factors of 61219.
29, 2111
List the prime factors of 456.
2, 3, 19
List the prime factors of 25058.
2, 11, 17, 67
List the prime factors of 113.
113
What are the prime factors of 129170?
2, 5, 12917
List the prime factors of 135856.
2, 7, 1213
List the prime factors of 2752.
2, 43
List the prime factors of 2435.
5, 487
List the prime factors of 878.
2, 439
List the prime factors of 19035.
3, 5, 47
List the prime factors of 427.
7, 61
What are the prime factors of 1252?
2, 313
List the prime factors of 2263.
31, 73
List the prime factors of 13630.
2, 5, 29, 47
List the prime factors of 639.
3, 71
List the prime factors of 7045.
5, 1409
List the prime factors of 1011.
3, 337
What are the prime factors of 38232?
2, 3, 59
What are the prime factors of 5208?
2, 3, 7, 31
What are the prime factors of 948?
2, 3, 79
List the prime factors of 3361.
3361
What are the prime factors of 7115?
5, 1423
List the prime factors of 1263.
3, 421
List the prime factors of 102.
2, 3, 17
What are the prime factors of 1273?
19, 67
What are the prime factors of 4501?
7, 643
What are the prime factors of 7703?
7703
What are the prime factors of 26228?
2, 79, 83
List the prime factors of 26096.
2, 7, 233
What are the prime factors of 7044?
2, 3, 587
List the prime factors of 4932.
2, 3, 137
What are the prime factors of 845?
5, 13
What are the prime factors of 132422?
2, 73, 907
What are the prime factors of 1699?
1699
List the prime factors of 584.
2, 73
List the prime factors of 1184.
2, 37
What are the prime factors of 1992?
2, 3, 83
List the prime factors of 64.
2
List the prime factors of 479.
479
List the prime factors of 3181.
3181
What are the prime factors of 558?
2, 3, 31
What are the prime factors of 6264?
2, 3, 29
What are the prime factors of 12123?
3, 449
List the prime factors of 3809.
13, 293
List the prime factors of 1229.
1229
List the prime factors of 742.
2, 7, 53
What are the prime factors of 27338?
2, 13669
List the prime factors of 5.
5
What are the prime factors of 158116?
2, 7, 5647
What are the prime factors of 66499?
66499
What are the prime factors of 85458?
2, 3, 14243
List the prime factors of 932.
2, 233
List the prime factors of 21813.
3, 11, 661
List the prime factors of 49979.
23, 41, 53
What are the prime factors of 30703?
30703
What are the prime factors of 11410?
2, 5, 7, 163
List the prime factors of 4145.
5, 829
What are the prime factors of 9409?
97
What are the prime factors of 35803?
35803
What are the prime factors of 109592?
2, 7, 19, 103
List the prime factors of 1053.
3, 13
What are the prime factors of 2635?
5, 17, 31
What are the prime factors of 6?
2, 3
What are the prime factors of 77050?
2, 5, 23, 67
List the prime factors of 59213.
7, 11, 769
List the prime factors of 2774.
2, 19, 73
List the prime factors of 27464.
2, 3433
What are the prime factors of 12905?
5, 29, 89
What are the prime factors of 629?
17, 37
List the prime factors of 1538.
2, 769
What are the prime factors of 20123?
20123
What are the prime factors of 1171?
1171
What are the prime factors of 3895?
5, 19, 41
What are the prime factors of 20925?
3, 5, 31
List the prime factors of 33374.
2, 11, 37, 41
List the prime factors of 3393.
3, 13, 29
List the prime factors of 4703.
4703
List the prime factors of 19885.
5, 41, 97
What are the prime factors of 252?
2, 3, 7
What are the prime factors of 766?
2, 383
List the prime factors of 6445.
5, 1289
What are the prime factors of 7125?
3, 5, 19
What are the prime factors of 30237?
3, 10079
List the prime factors of 113822.
2, 56911
What are the prime factors of 1210?
2, 5, 11
List the prime factors of 428.
2, 107
List the prime factors of 14008.
2, 17, 103
List the prime factors of 62.
2, 31
List the prime factors of 11265.
3, 5, 751
List the prime factors of 3929.
3929
What are the prime factors of 3301?
3301
List the prime factors of 17.
17
What are the prime factors of 2880?
2, 3